at are the prime factors of r?
2, 17
Let u(k) = k + 22 + 32 + 2*k - 21*k. List the prime factors of u(-9).
2, 3
Let u(r) = -5*r**3 - 10*r**2 - 3*r - 21. Let q be -6 - (-3 - -10 - 8). List the prime factors of u(q).
3, 41
Let j be (-68512)/(-80) + (-3)/(-5). Suppose -4*g + 5*g = -2*k + j, 3*g + k - 2566 = 0. What are the prime factors of g?
3, 5, 19
Let w(l) = -150*l - 254. Let g be w(-6). Let d = 672 - g. What are the prime factors of d?
2, 13
Suppose 2*u = 5*j + 234 - 22, 0 = -2*j - 5*u - 79. Let x = 120 + j. Suppose 73 = l - a, x = -4*l + 2*a + 360. List the prime factors of l.
2, 17
Suppose -v = 4, t + 2*v + 0*v + 98 = 0. List the prime factors of (3 + 1 + t/20)*-688.
2, 43
Let t be 5*2896/140 + 12/56*-2. Let q = 168 - 97. Let n = t - q. What are the prime factors of n?
2
What are the prime factors of -6 + 5714 + -7*(-4)/42*-3?
2, 3, 317
Suppose -16975*q + 16979*q - 300156 = 0. What are the prime factors of q?
3, 25013
Suppose 5*d + 6 = -9, 0 = v - 4*d - 78. What are the prime factors of (v/(-8))/((-78)/2704)?
2, 11, 13
Let z(y) = 2874*y**2 - 257*y + 976. List the prime factors of z(4).
2, 11483
Let x(q) = 6464*q + 11933. List the prime factors of x(5).
3, 11, 149
Suppose -4*o = -4*c - 151836, 4*o + 3*c - 77515 - 74307 = 0. Suppose -33*q + o = -1313. What are the prime factors of q?
2, 5, 7, 17
Let p(i) = 57 - 22 - 26 + 306*i. List the prime factors of p(5).
3, 19
Let v(x) = -18*x + 93. Let g be v(5). List the prime factors of g + 5 + 183 - -8.
199
Let r = 22952 - -14299. List the prime factors of r.
3, 4139
Let x(s) = -6*s**3 - 19*s**2 - 19*s + 85. Let r = 4 + -6. Let j(o) = -o**3 - 4*o**2 - 4*o + 17. Let i(u) = r*x(u) + 11*j(u). List the prime factors of i(7).
2, 3
Suppose -30*d = -35*d - 155. Let m = 36 + d. Suppose -3*w + 339 = -5*v, -2*w + 4*v - 312 = -m*w. List the prime factors of w.
2, 3
Let q(n) = -6*n - 34. Let v(g) = 3*g + 17. Let z(w) = 4*q(w) + 7*v(w). Let a be z(-5). List the prime factors of (-8)/(2 - (5 + a)).
2
Suppose -4*q = -3*w - 4 + 7, 18 = -3*w - 3*q. List the prime factors of 43/w*(0/(-7) - 36).
2, 3, 43
Let r(l) = -11836*l + 1242. List the prime factors of r(-2).
2, 12457
Suppose 3*j - 21 = w, -j + w + 30 = 21. Let y(m) = -m - 8. Let f be y(-16). Suppose l - j = -d - l, l - f = -3*d. What are the prime factors of d?
2
Let r(d) = 5*d - 79. Let x be r(19). Suppose -x = v - 356. What are the prime factors of v?
2, 5, 17
Suppose -2604630 = 1926*s - 2005*s. List the prime factors of s.
2, 3, 5, 7, 157
Let p(a) = -a**3 - 3*a**2 + 2*a + 1. Let x be p(-4). Let j(d) = 5*d**2 - 5*d**2 + d - 9*d + d**2. List the prime factors of j(x).
3
Let a = -6 + 18. Suppose h - 161 = -5*l, 112*h - 116*h - 16 = 0. Let w = l - a. List the prime factors of w.
3, 7
Suppose -12*u + 5*k + 524464 = 18479, -4*k = -4*u + 168664. What are the prime factors of u?
3, 5, 937
Let f(s) = -11*s**2 + 6*s - 15. Let l be f(4). Let i = l - -197. What are the prime factors of i?
2, 3, 5
Let x(b) = 14*b**2 + 9*b + 12 - 25*b + 9*b**2. List the prime factors of x(4).
2, 79
Let t(q) = -86*q**3 - 4*q**2 + q + 11. What are the prime factors of t(-4)?
13, 419
Suppose -3*l - 4 + 16 = 0, -8*l = -v + 288. List the prime factors of v.
2, 5
Let q = 497 - 477. List the prime factors of (-82)/(q/(-56) - 8/(-28)).
2, 7, 41
Suppose -25*i + 492 = -21*i. Suppose 288 = 2*z + 4*y, z - 2*y = 3*y + i. What are the prime factors of z?
2, 3, 23
Suppose -3*d - 7*d - 2020 = 0. Let q = d + 208. What are the prime factors of q?
2, 3
List the prime factors of 640865/10 - (165/(-10))/(-11).
5, 7, 1831
Suppose 2*h + 3*h = -4*x + 8, 0 = 5*h + 2*x - 4. Let j be ((2 + h)*4)/(-2). What are the prime factors of (249/(-9) - -3)*6/j?
37
Let j = 60 - 58. Suppose j - 3 = -k. What are the prime factors of 119 + 0 + k + 0?
2, 3, 5
Suppose -1830 = -3*u + 3*j, 2*j - 605 = -u - 2*j. Let i = -328 + u. Let m = i + -71. What are the prime factors of m?
2, 3, 5, 7
Suppose -74*m + 38*m + 286995 = 17*m. List the prime factors of m.
3, 5, 19
Let o(u) be the second derivative of 5/2*u**4 + 0*u**3 + 1/2*u**2 + 3*u + 0. What are the prime factors of o(-2)?
11
Let w(i) = -i**2 + i + 1. Let m be ((-5)/((-30)/4))/(16/24). Let o(r) = 3*r**2 - 11*r + 11. Let l(q) = m*o(q) + 2*w(q). List the prime factors of l(9).
13
Let l(z) = 6*z**2 - 15*z + 3. Let u(s) = -2 + 0 + 3 + 3*s**2 - 26*s + 18*s. Let h(n) = -2*l(n) + 5*u(n). List the prime factors of h(9).
2, 19
Let k(n) = -4*n**2 - 12*n + 19. Let t be k(-12). Let f = 70 - t. What are the prime factors of f?
3, 7, 23
Suppose 31*n - 2718675 = -44*n. What are the prime factors of n?
3, 43, 281
Let h(q) = 170*q - 14. Let o(k) = -k**3 + 6*k**2 + 18*k - 13. Let r be o(8). List the prime factors of h(r).
2, 31
Let z(g) = -22*g**3 - g**2 + 2*g + 4. Let y be z(-2). Let i = -72 + y. Suppose -6*r = -2*r - i. List the prime factors of r.
5
Let f(k) = -11*k - 196. Let z be f(-18). Suppose 0 = z*j - 94 + 104, 2*n - 1215 = j. What are the prime factors of n?
5, 11
Let y(u) = 7 - 28*u**2 + 20 - 41*u**3 + 24*u**3 + 5*u + 16*u**3. What are the prime factors of y(-29)?
3, 241
Suppose -2*b + 57*p - 54*p = -11379, 0 = 5*b - 4*p - 28451. List the prime factors of b.
3, 7, 271
Let y(i) be the first derivative of 29*i - 24 + 0*i**3 + 1/4*i**4 + i**2. What are the prime factors of y(0)?
29
List the prime factors of (16737/2)/(405/540).
2, 7, 797
Let u = -44 + 88. Let b = u - 42. Suppose 3*v - 144 = -2*h + 85, -b*h - 371 = -5*v. List the prime factors of v.
3, 5
Let n be 6 - (-6 + -6 + -8667). Suppose -32*h + n = -31987. What are the prime factors of h?
31, 41
Let j(c) = 1278*c**2 - 72*c + 250. What are the prime factors of j(4)?
2, 5, 13, 157
Suppose 325513 = -74*c + 1621401. What are the prime factors of c?
2, 11, 199
Suppose 668 + 162 = 5*c. Suppose -3*p - 281 = -3*t + c, 133 = t - 5*p. What are the prime factors of t?
3, 17
Let h(c) = 14149*c**2 - 35. List the prime factors of h(-2).
163, 347
Let i = 520 + 238. Suppose q = -4*r + 2955 - i, -r = 3*q - 541. What are the prime factors of r?
2, 5, 11
Suppose -8*k + 147 - 115 = 0. Suppose d - 687 = -2*l, -3*d - l - 678 = -k*d. What are the prime factors of d?
3, 227
Let y = 4 - 346. Suppose 2*x - 18 = 4*q, 2*q = 5*q + 3*x. What are the prime factors of q/21 - 5/14*y?
2, 61
Let x = -77 - -75. Let d(w) = -41*w**3 + 3*w**2 + 3*w + 6. What are the prime factors of d(x)?
2, 5, 17
Let i(p) = 28 - 51*p - 119 + 25. List the prime factors of i(-21).
3, 5, 67
Suppose -h + 33*h - 71552 = 0. Suppose h = 3*q - j, 1469 = -7*q + 9*q - 5*j. What are the prime factors of q?
3, 83
Let j(z) = -2*z - 11. Let o be j(-10). Suppose o = 121*v - 118*v. What are the prime factors of v?
3
Let x(a) = -a**2 - 20*a - 9. Let z be x(-8). Let t = 96 - z. What are the prime factors of 4/(-18) - (512/t)/(-4)?
2, 7
Suppose -2 - 10 = -4*h. Let c = 508 + -432. Suppose 4*k + 5*p - 52 = 0, -p - c = -k - h*k. List the prime factors of k.
2, 3
Suppose -3*d - 303525 = -28*d. List the prime factors of d.
3, 19, 71
List the prime factors of (2/5)/((-326)/(-10991905)).
13487
Let y(c) = -3*c**2 - 3*c + 27. Let s(n) = 5*n + 29. Let z be s(-7). Let r be y(z). Let w = 155 + r. List the prime factors of w.
2, 23
Suppose -20 = -8*d - 68, -50794 = -2*p + d. What are the prime factors of p?
2, 12697
Let b = -83 + 52. Let u = -22 - b. Suppose -u*h + 122 = -652. What are the prime factors of h?
2, 43
Suppose 8*x - 2*b + 79530 = 11*x, -18*b = 4*x - 105994. What are the prime factors of x?
2, 1657
Let l = -163 - -168. Suppose 2*d - l*z = 14, -z - 47 = 3*d - 6*d. List the prime factors of d.
17
Suppose -455166 = 813*o - 867*o. List the prime factors of o.
8429
Let a(u) = -3*u + 19. Let h be a(-11). Let d = h + -50. Suppose -2*v + 148 = d*y, -2*v - 3*v + 3*y = -370. List the prime factors of v.
2, 37
Let l(k) be the second derivative of k**4/12 - 2*k**3 - 21*k**2/2 + 183*k. What are the prime factors of l(29)?
2, 59
Suppose -16*p + 19*p - 189 = 0. Suppose 0*v + 10 = -4*b + 2*v, 5*v - 5 = 5*b. What are the prime factors of p - (b + 3 + 1)?
3, 7
Suppose -2*q - 4*q + 24 = 0. Let j(p) = p**3 + p**2 - 2*p - 10. Let i be j(q). Suppose 60*z = i*z - 300. List the prime factors of z.
2, 3, 5
Let l = -53018 - -103007. List the prime factors of l.
3, 19, 877
Let v(p) = -p**3 + p + 7. Let s be v(0). Suppose s*g + 129